 h(g) = -38*g - 20. Calculate h(3).
-134
Let a(x) = -x**3 + 6*x**2 - 6*x + 2. Give a(4).
10
Let y(b) = b**2 + 4*b - 391. What is y(18)?
5
Let s(j) = -2*j**3 - 2*j**2 + 4*j + 3. Determine s(-3).
27
Let u(x) = -2*x**3 + 9*x**2 - 4*x - 2. Calculate u(4).
-2
Let a(g) = -g**3 + 14*g**2 - 22*g - 23. What is a(11)?
98
Let s(m) = -3*m + 8. What is s(4)?
-4
Let o(n) = 5*n**2 + 4*n - 11. Determine o(-5).
94
Let j(n) = 14*n + 85. Calculate j(-6).
1
Let s(n) = -n**3 + 6*n**2 - n - 14. Give s(5).
6
Let f(u) = -u**2 - u + 6. Determine f(5).
-24
Let y(f) = -2*f**2 - 26*f - 96. What is y(-14)?
-124
Let v(x) = -4*x + 72. What is v(22)?
-16
Let r(q) = 2*q - 25. Calculate r(0).
-25
Let v(n) = -n**2 + 3*n + 1. Give v(-5).
-39
Let x(j) = 4*j + 204. Determine x(-52).
-4
Let j(g) = 12*g - 113. What is j(11)?
19
Let t(f) = -f**3 + 13*f**2 + 19*f - 2. What is t(14)?
68
Let u(m) = -7*m + 18. Determine u(5).
-17
Let f(a) = a - 21. Calculate f(15).
-6
Let r(u) = 13*u + 18. What is r(-4)?
-34
Let a(s) = 3*s + 22. Determine a(9).
49
Let g(l) = -12*l + 13. What is g(-3)?
49
Let l(s) = -3*s - 4. Give l(8).
-28
Let x(i) = -i**3 - i**2 + 7*i + 7. Calculate x(-3).
4
Let h(a) = -2*a**2 - 11*a + 4. What is h(-8)?
-36
Let y(s) = 7*s**3 - s**2 + 1. Calculate y(1).
7
Let l(o) = -2*o**3 + 3*o**2 - o - 1. Calculate l(2).
-7
Let b(k) = k**3 + 17*k**2 + 14*k - 40. Give b(-16).
-8
Let v(c) = -c**3 + 32*c**2 + 54*c - 688. What is v(33)?
5
Let j(z) = -z**2 + 7*z - 29. Determine j(6).
-23
Let z(o) = 32*o - 15. Calculate z(1).
17
Let l(y) = y**2 - 10*y + 13. Give l(7).
-8
Let j(a) = -6*a - 43. Calculate j(-8).
5
Let a(s) = -s**2 + s - 2. What is a(3)?
-8
Let x(p) = 2*p - 2. Determine x(4).
6
Let d(r) = -r**2 + 2*r - 3. Give d(3).
-6
Let v(l) = -l**3 + 2*l**2 - 2. What is v(0)?
-2
Let o(y) = -2*y - 2. Determine o(-5).
8
Let r(k) = k**2 - 6*k + 1. Calculate r(7).
8
Let h(r) = -r**3 - 7*r**2 - 8*r - 3. Determine h(-6).
9
Let g(r) = 2*r**2 + 5*r + 4. Calculate g(-5).
29
Let h(l) = l**3 - 256*l - 5. Determine h(-16).
-5
Let v(p) = 31*p - 432. Calculate v(14).
2
Let p(d) = 4*d + 6. Give p(-3).
-6
Let n(h) = h**3 - 14*h**2 + 13*h + 11. Determine n(12).
-121
Let m(z) = -z**3 + 3*z**2 + 85*z - 24. What is m(-8)?
0
Let i(k) = -18*k + 211. What is i(12)?
-5
Let i(j) = -j - 15. Determine i(-9).
-6
Let y(a) = -3*a + 58. Give y(18).
4
Let b(x) = -x**2 - 7*x + 4. Give b(-9).
-14
Let s(g) = -g**3 + 2*g**2 + 16*g - 32. Calculate s(5).
-27
Let b(u) = u**3 + 99. What is b(0)?
99
Let v(d) = d**3 - 4*d**2 + 5*d - 15. Give v(4).
5
Let w(u) = -u**3 - 3*u**2 + 2*u + 6. What is w(-4)?
14
Let k(w) = -5*w + 2. What is k(1)?
-3
Let z(n) = -n**2 - 46*n - 80. What is z(-44)?
8
Let k(w) = w**3 - 2*w**2 + 4*w - 4. Calculate k(0).
-4
Let y(a) = 2*a**3 + 6*a**2 + 2*a - 4. Determine y(-4).
-44
Let k(f) = -f**3 + 11*f**2 - 26*f + 1. Determine k(8).
-15
Let m(t) = -6*t - 39. Determine m(-7).
3
Let j(v) = v**3 + 9*v**2 - 11*v - 2. Calculate j(-10).
8
Let o(u) = -2*u**2 + 10*u + 3. Give o(7).
-25
Let y(r) = -5*r - 97. Calculate y(-18).
-7
Let h(t) = 2*t**2 - 40*t - 35. What is h(21)?
7
Let v(t) = 7*t - 235. What is v(34)?
3
Let q(m) = -10*m + 12. Determine q(-8).
92
Let o(z) = 70*z**3 - z**2 - 3*z - 1. Determine o(-1).
-69
Let s(a) = a + 8. What is s(-15)?
-7
Let a(j) = j**3 + 8*j**2 - 7*j + 6. Give a(-8).
62
Let u(o) = -o**2 + 5*o + 11. Calculate u(7).
-3
Let m(u) = -5*u - 14. Give m(-10).
36
Let m(b) = b**2 + 6*b - 26. Calculate m(-9).
1
Let o(l) = 11*l - 75. Calculate o(6).
-9
Let w(f) = -2*f - 7. Determine w(-11).
15
Let q(u) = u**3 - 5*u**2 - 16*u - 1. Give q(7).
-15
Let h(w) = 25*w**3 - w**2 + w. Give h(1).
25
Let i(n) = -n + 3. Give i(3).
0
Let q(l) = -13*l**3 - l - 1. Calculate q(-1).
13
Let c(d) = -d**2 - 3*d + 21. Calculate c(6).
-33
Let h(a) = a**3 + 2*a**2 - a. What is h(-3)?
-6
Let r(z) = 8*z - 43. Give r(7).
13
Let a(f) = -f**2 + 9*f + 8. Calculate a(12).
-28
Let z(d) = 20*d**2 - 2*d + 1. What is z(1)?
19
Let c(i) = 14*i - 704. Determine c(50).
-4
Let s(l) = 10*l - 89. Calculate s(9).
1
Let k(h) = -2*h**2 - 12*h - 23. What is k(-3)?
-5
Let l(w) = 2*w - 9. Give l(6).
3
Let f(o) = -46*o + 392. Determine f(9).
-22
Let d(w) = 15*w + 79. Calculate d(-3).
34
Let l(t) = -5*t + 7. What is l(3)?
-8
Let d(n) = n**3 - 9*n**2 + 10*n - 14. Calculate d(9).
76
Let j(q) = q + 17. Determine j(-7).
10
Let s(i) = i + 28. Give s(-15).
13
Let b(c) = c**3 + 16*c**2 - 18*c - 25. Give b(-17).
-8
Let q(r) = -r - 10. What is q(-7)?
-3
Let u(s) = s**3 - 30*s**2 + 57*s - 818. Calculate u(29).
-6
Let a(j) = -3*j + 4. Determine a(3).
-5
Let i(p) = 8*p - 13. Determine i(-7).
-69
Let f(a) = -17*a + 59. What is f(5)?
-26
Let m(k) = -3*k**3 + k**2 - k - 11. Calculate m(0).
-11
Let t(l) = -5*l**2 - 29*l + 5. Calculate t(-5).
25
Let z(o) = -4*o**2 - o + 8. Determine z(2).
-10
Let t(s) = -s**3 - 13*s**2 - 17*s - 14. Calculate t(-12).
46
Let o(t) = -t**3 - 9*t**2 - 40*t - 255. Give o(-8).
1
Let d(o) = 3*o - 11. Give d(-3).
-20
Let i(m) = 51*m + 41. What is i(-4)?
-163
Let f(o) = 10*o**3 + 2*o**2 - 5*o + 4. What is f(1)?
11
Let x(u) = u**2 - 11*u + 30. What is x(7)?
2
Let s(u) = -11*u + 3. What is s(2)?
-19
Let c(s) = -s + 6. What is c(0)?
6
Let r(h) = -h**3 + 6*h**2 + h + 1. Determine r(6).
7
Let n(r) = -r**2 + 4*r - 3. Determine n(2).
1
Let v(k) = -94*k**3 - k**2 - 4*k - 4. Determine v(-1).
93
Let c(l) = l**3 - 6*l**2 - 7*l + 1. What is c(7)?
1
Let n(r) = -r**2 - 7*r - 9. Calculate n(-5).
1
Let g(o) = -o**3 + 20*o**2 - 33*o - 51. What is g(18)?
3
Let c(z) = -11*z + 3. Determine c(-2).
25
Let j(h) = -h**2 + 11*h - 8. What is j(7)?
20
Let r(k) = -2*k**2 - 34*k + 31. What is r(-18)?
-5
Let c(s) = s**2 + 15*s + 40. Calculate c(-14).
26
Let w(u) = u**3 + 2*u**2 - 5*u - 13. Give w(-2).
-3
Let s(b) = 2*b**2 - 6*b + 9. Give s(2).
5
Let v(n) = n**2 + 4*n - 9. Give v(6).
51
Let o(f) = f**2 + 18*f - 50. Calculate o(-21).
13
Let t(f) = f**2 - 6*f. Determine t(4).
-8
Let d(i) = i**3 + 2*i**2 - 2*i - 1. Determine d(2).
11
Let w(t) = -5*t - 7. What is w(-5)?
18
Let c(n) = -n**2 + 6*n - 4. Determine c(6).
-4
Let p(q) = -4*q + 27. Calculate p(6).
3
Let d(n) = -n**3 - 9*n**2 - 14*n + 1. What is d(-7)?
1
Let d(c) = -c**3 - 3*c**2 + 3*c + 15. What is d(-3)?
6
Let k(m) = -m**2 - 30*m - 129. What is k(-25)?
-4
Let w(u) = 2*u. What is w(-4)?
-8
Let v(o) = -3*o + 35. Give v(17).
-16
Let a(v) = v**3 - 5*v**2 + 6*v - 11. What is a(4)?
-3
Let r(q) = -36*q + 77. Calculate r(3).
-31
Let a(s) = 2*s**2 - s + 1. What is a(-1)?
4
Let j(u) = -2*u**2 - 23*u - 16. What is j(-11)?
-5
Let m(x) = x**3 - 5*x**2 - 35*x - 11. Give m(9).
-2
Let i(t) = -t**3 + 7*t**2 + 8*t - 4. Give i(8).
-4
Let w(c) = -4*c**2 - 2*c + 4. Determine w(-2).
-8
Let g(w) = w**2 + 6*w - 119. Determine g(-14).
-7
Let z(q) = -q**3 + q**2 - q + 4. Give z(0).
4
Let a(k) = -2*k - 10. Determine a(-12).
14
Let v(n) = n**2 - 19*n + 20. Calculate v(15).
-40
Let c(p) = p - 31. Give c(0).
-31
Let p(m) = 25*m + 85. Calculate p(-4).
-15
Let s(g) = -2*g - 1. Give s(10).
-21
Let g(m) = -6*m**2 - 2*m + 8. Determine g(-4).
-80
Let t(c) = c**3 - 14*c**2 + 27*c - 25. What is t(12)?
11
Let c(g) = 3*g + 37. Calculate c(-17).
-14
Let x(b) = b**3 + 5*b**2 + 5*b + 3. Calculate x(-4).
-1
Let i(a) = -a**3 - 9*a**2 - 12*a - 1. Give i(-8).
31
Let b(v) = -v**2 - 39*v - 198. Give b(-6).
0
Let b(o) = -o**3 - 10*o**2 + 3. Determine b(-10).
3
Let r(t) = 5*t + 5. Determine r(2).
15
Let x(f) = -f**2 + 12*f - 24. Determine x(10).
-4
Let k(n) = -8*n - 16. What is k(-14)?
96
Let q(b) = -b**3 + 36*b**2 - 66*b - 69. What is q(34)?
-1
Let t(h) = -h**3 - 7*h**2 - 1. Calculate t(-7).
-1
Let s(m) = m**3 + 3*m**2 - 5*m - 2. Determine s(-5).
-27
Let t(h) = -3*h + 33. Calculate t(0).
33
Let t(h) = h**3 + 11*h**2 + 11*h + 8. Give t(-10).
-2
Let r(y) = -3*y + 12. What is r(4)?
0
Let p(b) = b + 1. Give p(-5).
-4
Let r(o) = -4*o**2 + 4*o. Calculate r(2).
-8
Let y(g) = -g**2 + 10*g - 23. Calculate y(9).
-14
Let f(y) = 19*y + 1218. Calculate f(-64).
2
Let m(r) = 2*r + 28. Give m(-8).
12
Let f(r) = r**2 - 2*r - 26. Determine f(6).
-2
Let u(g) = 5*g + 6. Determine u(-6).
-24
Let n(m) = m**3 + m**2 - m + 1. What is n(-4)?
-43
Let b(h) = 2*h**2 - 26*h + 134. What is b(7)?
50
Let o(m) = -m**2 + m - 55. Determine o(0).
-55
Let a(t) = 2*t**3 - 3*t**2 - t + 2. Calculate a(